{"id":1828,"date":"2026-04-26T13:47:44","date_gmt":"2026-04-26T12:47:44","guid":{"rendered":"https:\/\/vsf64.fr\/?page_id=1828"},"modified":"2026-04-26T14:26:53","modified_gmt":"2026-04-26T13:26:53","slug":"assemblee-generale-vsf-18-avril-2026","status":"publish","type":"page","link":"https:\/\/vsf64.fr\/index.php\/assemblee-generale-vsf-18-avril-2026\/","title":{"rendered":"Assembl\u00e9e G\u00e9n\u00e9rale VSF 18 avril 2026"},"content":{"rendered":"","protected":true},"excerpt":{"rendered":"","protected":true},"author":1,"featured_media":0,"parent":0,"menu_order":0,"comment_status":"closed","ping_status":"closed","template":"","meta":{"jetpack_post_was_ever_published":false,"footnotes":""},"class_list":["post-1828","page","type-page","status-publish","post-password-required","hentry"],"jetpack_sharing_enabled":true,"jetpack_shortlink":"https:\/\/wp.me\/P8Gxst-tu","jetpack-related-posts":[{"id":54,"url":"https:\/\/vsf64.fr\/index.php\/dans-la-presse\/","url_meta":{"origin":1828,"position":0},"title":"Dans la presse","author":"maria64","date":"15 novembre 2015","format":false,"excerpt":"Articles r\u00e9cents : La presse locale parle de VSF ! Merci Jean-Fran\u00e7ois pour ce compte-rendu clair et pr\u00e9cis. Notre bilan de l'ann\u00e9e 2022 avec tous les d\u00e9tails ! Merci Jean-Fran\u00e7ois ! La R\u00e9publique Septembre 2018 La R\u00e9publique Avril 2018 Sud Ouest Avril 2017 Echo B\u00e9arnais Novembre 2016 Echo B\u00e9arnais f\u00e9vrier\u2026","rel":"","context":"Article similaire","block_context":{"text":"Article similaire","link":""},"img":{"alt_text":"Presse1995","src":"https:\/\/i0.wp.com\/vsf64.fr\/wp-content\/uploads\/2019\/08\/Presse1995-Copier.jpg?fit=1200%2C1114&ssl=1&resize=350%2C200","width":350,"height":200,"srcset":"https:\/\/i0.wp.com\/vsf64.fr\/wp-content\/uploads\/2019\/08\/Presse1995-Copier.jpg?fit=1200%2C1114&ssl=1&resize=350%2C200 1x, https:\/\/i0.wp.com\/vsf64.fr\/wp-content\/uploads\/2019\/08\/Presse1995-Copier.jpg?fit=1200%2C1114&ssl=1&resize=525%2C300 1.5x, https:\/\/i0.wp.com\/vsf64.fr\/wp-content\/uploads\/2019\/08\/Presse1995-Copier.jpg?fit=1200%2C1114&ssl=1&resize=700%2C400 2x, https:\/\/i0.wp.com\/vsf64.fr\/wp-content\/uploads\/2019\/08\/Presse1995-Copier.jpg?fit=1200%2C1114&ssl=1&resize=1050%2C600 3x"},"classes":[]},{"id":18,"url":"https:\/\/vsf64.fr\/index.php\/qui-sommes-nous\/","url_meta":{"origin":1828,"position":1},"title":"Qui sommes-nous ?","author":"maria64","date":"22 octobre 2015","format":false,"excerpt":"Les membres de Villages Sans Fronti\u00e8res Les fondateurs de l\u2019association Villages Sans Fronti\u00e8res Margrietha (dite Greet) BARTH\u00c9LEMY van der Kreek. De nationalit\u00e9 Hollandaise et Fran\u00e7aise, est n\u00e9e en 1926, est devenue une brillante \u00e9tudiante en m\u00e9decine, doubl\u00e9e, dans les ann\u00e9es 1940-1944, d\u2019une r\u00e9sistante fort active. Guy et Greet avec le\u2026","rel":"","context":"Article similaire","block_context":{"text":"Article similaire","link":""},"img":{"alt_text":"AG mai 2025","src":"https:\/\/i0.wp.com\/vsf64.fr\/wp-content\/uploads\/2025\/10\/Avant-le-gouter-300x225.jpg?resize=350%2C200&ssl=1","width":350,"height":200},"classes":[]}],"_links":{"self":[{"href":"https:\/\/vsf64.fr\/index.php\/wp-json\/wp\/v2\/pages\/1828","targetHints":{"allow":["GET"]}}],"collection":[{"href":"https:\/\/vsf64.fr\/index.php\/wp-json\/wp\/v2\/pages"}],"about":[{"href":"https:\/\/vsf64.fr\/index.php\/wp-json\/wp\/v2\/types\/page"}],"author":[{"embeddable":true,"href":"https:\/\/vsf64.fr\/index.php\/wp-json\/wp\/v2\/users\/1"}],"replies":[{"embeddable":true,"href":"https:\/\/vsf64.fr\/index.php\/wp-json\/wp\/v2\/comments?post=1828"}],"version-history":[{"count":4,"href":"https:\/\/vsf64.fr\/index.php\/wp-json\/wp\/v2\/pages\/1828\/revisions"}],"predecessor-version":[{"id":1842,"href":"https:\/\/vsf64.fr\/index.php\/wp-json\/wp\/v2\/pages\/1828\/revisions\/1842"}],"wp:attachment":[{"href":"https:\/\/vsf64.fr\/index.php\/wp-json\/wp\/v2\/media?parent=1828"}],"curies":[{"name":"wp","href":"https:\/\/api.w.org\/{rel}","templated":true}]}}